 -5*t(u) + 3*x(u). What is the tens digit of i(-24)?
4
Suppose c - 8 + 8 = 0. Let j = -28 - -55. Suppose 0 = 2*o - 4*g - 34, j = o + 3*g - c*g. What is the tens digit of o?
2
Let b be 2 + 0 + -7 + 4. Let s = 4 + b. Suppose 0 = -s*x + 3*h + 23 + 40, x = -h + 25. What is the units digit of x?
3
Suppose d - 6937 = -4*b + 8630, b + 3*d = 3900. What is the units digit of b?
1
Suppose -h + 31 = -852. Suppose -9*n + 611 = -h. What is the hundreds digit of n?
1
Suppose 7*u - 12 = 3*u. Suppose a + 22 = 5*m, 3*a = -u*m - 34 - 32. What is the units digit of 1/(0 + (-2)/a)?
1
Suppose 5*j = 4 + 16. Let f = -3 + j. What is the units digit of 14 + -1 + f/(-1)?
2
Suppose 0 = a + 13 - 16. What is the tens digit of 219*((-1)/a - -1)?
4
Let o = 34 + -70. Let p be (0 + 1)/((-3)/o). Suppose i + i = p. What is the units digit of i?
6
Let m(p) = -12*p + 7. Let k be m(7). Let v = k + 168. What is the units digit of v?
1
Suppose 307*u = 309*u - 5546. What is the tens digit of u?
7
Let r = 6 - 6. Suppose -1 = -f - r*f. Let i(p) = 43*p**2 - 1. What is the tens digit of i(f)?
4
Let y be (-1)/4 + (-366)/8. Suppose -5*g - 129 = 4*t, -3*t + 2*g - 68 = -0*g. Let a = t - y. What is the tens digit of a?
2
Let d = -9 - -27. What is the tens digit of d/(-2 + (-11)/(-4))?
2
Suppose 346*z = 355*z - 31725. What is the thousands digit of z?
3
Let z(r) = -18*r + 5. Suppose -4*m = -3*t, 5 - 15 = t + 2*m. What is the tens digit of z(t)?
7
Let y(n) = 2*n**2 - 3*n - 5. Let d be y(-2). Suppose 0 = 7*m - d*m + 54. What is the tens digit of m?
2
Let t = -8 - -12. Let i = -5 - -8. Suppose 43 = i*r + t. What is the tens digit of r?
1
Let q = -2541 - -4240. What is the tens digit of q?
9
Suppose -5*m = f - 0*m + 7, -5*f = -4*m - 81. Let h = f - 11. Suppose 3*p = -2*n + 13 - 3, h*n = 2*p. What is the units digit of n?
2
Let h be (-4)/12*3*-3. Suppose -4 + 19 = h*w. Suppose -312 = k - w*k. What is the units digit of k?
8
What is the units digit of (6 - 16 - -6)*(2 - 361)?
6
Suppose -91 = -v - 11. Suppose 6*l - v = l. Suppose 2*y - 5*f = 40, -f = -5*f - l. What is the tens digit of y?
1
Let y(g) = g**3 - 13*g**2 + g - 11. Let c be y(13). Suppose 3*k = c*j + 201, -263 = -5*k - 2*j + 56. What is the tens digit of k?
6
Suppose 0 = -5*t - 5*k + 7*k + 5064, -3*k = 5*t - 5054. What is the units digit of t?
2
Let k be (-234)/(-15) + (-6)/(-15). What is the units digit of (-12)/k - 1017/(-12)?
4
Suppose 2*h - 6 = 2. Suppose -2*k + 77 = z + 12, 2*k = -h*z + 50. What is the units digit of k?
5
Let j = 210 - 126. Suppose -8*k + 4*k = -j. Let q = 55 + k. What is the tens digit of q?
7
Suppose -391*v + 31451 = -384*v. What is the tens digit of v?
9
Let o = 945 + -546. What is the units digit of o?
9
Suppose -6*o - 465 - 45 = 0. Let r = -27 - o. What is the tens digit of r?
5
Suppose -5*h = 5*p - 5, h - 2*p + 0*p - 13 = 0. Let k = h - 2. Let t(j) = 2*j**3 - 5*j**2 + 2*j - 1. What is the units digit of t(k)?
4
Suppose 4*u - 5*m + 3*m + 1212 = 0, 2*u - 5*m = -606. Let a = -74 - u. What is the hundreds digit of a?
2
Let g = 27 + -23. Let a(m) = 2*m - 8. Let t be a(g). Suppose t = -5*u - u + 180. What is the units digit of u?
0
Suppose 61792 = 33*z - 6287. What is the units digit of z?
3
Let c = -14 - -164. Let y = -35 + c. What is the units digit of y?
5
Let p be (3 - 2)*2 + 62. Let w = p + -35. What is the units digit of w?
9
What is the thousands digit of (787/(-3))/(-8*11/528)?
1
Suppose 8010 = -2*v - 3*f, -4*v + 4*f - 20003 = -3983. What is the units digit of v/(-25) - (-2)/(-20)*2?
0
Suppose 4*z + 6 = 2*z. Let m = 1 - z. Suppose 5*w - 112 = -m*q, -5*q + 14 = 3*w - 2*w. What is the units digit of w?
4
Let v(m) = 6*m - 8. Suppose 0 = 5*b + 3*l - 30 - 10, -3*b = 3*l - 24. What is the tens digit of v(b)?
4
What is the units digit of 13779/(-9 + 18) + 1?
2
Suppose -18 = 2*x - 2*t, -3*x + 6 = -2*x + 2*t. What is the tens digit of (x/(-1 - -3))/((-4)/30)?
1
Suppose -j - 38 = -4*c, -18 = -3*c + j + 11. Suppose 12*v = c*v + 921. What is the hundreds digit of v?
3
Let u(f) = -22*f - 3. Let q be u(-5). Suppose -i - 2 = -q. Suppose i = -c + 6*c. What is the tens digit of c?
2
Suppose -3*u = -6, 1109 = q - 23*u + 17*u. What is the units digit of q?
1
Suppose 0 = -4*q, 4*d - 4*q + 1 + 7 = 0. What is the units digit of 3297/42 - 1*(-3)/d?
7
Let c(l) = 13*l**2 + l - 4. Let k be c(-4). Let s = k + -131. Let q = s - 47. What is the tens digit of q?
2
Let m be 5/(-1 + 22/12). Suppose -3*d + m*d = 210. What is the units digit of d?
0
Let g(k) = k**2 + 10*k + 28. Let r be g(-5). Suppose -5*f = r*a - 336, -3*f + 3*a + 34 + 182 = 0. What is the tens digit of f?
6
Let j = 220 + -212. Let g(a) be the first derivative of -a**3/3 + 13*a**2/2 - 16*a - 1. What is the tens digit of g(j)?
2
Let y(m) = m**3 + 13*m**2 - 48*m + 27. What is the units digit of y(-15)?
7
Let m be 49 + 9 + -6*(-2)/6. Suppose -3*d = d + 108. Let o = d + m. What is the tens digit of o?
3
Suppose -6 = -3*n + 3. Let s be (12/(-8))/(n/(-8)). Suppose -s*w - 17 = -5*w. What is the tens digit of w?
1
Suppose -9685 = -5*d + 3*f, -5*d - 32*f = -30*f - 9710. What is the units digit of d?
0
Let g(x) = x**3 - 4*x**2 + 4*x + 4. Let r be g(4). Suppose 4*t + 2*o = r, 5*t + o + o = 24. Suppose -t*w = -8 - 12. What is the units digit of w?
5
Let r(t) = 2*t**2 + 0 + 5 - 4*t + 0. Suppose 0 = 4*j, -3*c - 12 + 0 = -4*j. What is the tens digit of r(c)?
5
Let s(z) = -z**2 - 2*z + 315. What is the tens digit of s(0)?
1
Suppose 5*f + 1100 = d + 4901, 2*f - 2*d = 1514. What is the units digit of f?
1
Suppose -521 + 156 = -a - 4*z, 3*a + 3*z - 1113 = 0. What is the tens digit of a?
7
Let p be 8*((-3)/(-2) + -1). Suppose y - 16 = -2*t, y - 8 - 20 = p*t. What is the tens digit of y?
2
Let j be 898/7 + 20/(-70). Suppose -5*q + 72 + 192 = 4*s, 0 = -2*q + 4*s + j. Suppose q = 4*c + 12. What is the units digit of c?
1
Let x(u) = 0*u + 0*u + 2*u + u. Let a(s) = -s**3 - 7*s**2 - 7*s. Let b be a(-6). What is the units digit of x(b)?
8
Let b(n) = n**2 + 3*n - 26. Let o be b(-7). Suppose 3*s - o*m - 461 = 3*m, 457 = 3*s - 4*m. What is the tens digit of s?
4
Suppose -g = -581 + 47. Suppose -n = 2*n - 3*t - 534, 3*n - g = -3*t. What is the tens digit of n?
7
Let v(i) = -i**2 + 9*i + 3. Let k be v(9). Let q = k - -1. Suppose -q*h + 31 = -5*m - 74, -4*h + m = -85. What is the units digit of h?
0
Let a be 1/(-1)*(-1 - -1). Let r be (-2)/(-4) - (28/8 + 5). What is the tens digit of (35 - a)*r/(-10)?
2
Let g(i) = 558*i**2 + 15*i + 21. What is the hundreds digit of g(-2)?
2
What is the tens digit of 4/((-247)/1285 + (-3)/(-15))?
1
Let h = 4373 + -2246. What is the thousands digit of h?
2
Suppose 0 = 3*h + 621 - 2208. What is the hundreds digit of h?
5
Let i be (-1)/6 - 185/(-30). What is the units digit of 12/8 - ((-513)/i)/3?
0
Let l be (1 - 25) + 10 + -6. Let t = 23 + l. Suppose -3*s + 44 = 2*h, 3*h - 66 = -0*s + t*s. What is the units digit of h?
2
Let l(x) = x**2 - 13*x + 2. Let y(f) = -2*f**2 + 25*f - 4. Let z(g) = -11*l(g) - 6*y(g). What is the units digit of z(8)?
0
Suppose 5*f + 0*p + p + 995 = 0, 0 = 4*f - p + 796. What is the units digit of f/(-2) + (-2)/4 - 3?
6
Let u(j) = j**3 + 8*j**2 + 7*j + 6. Let v be u(-7). Let q(z) = 6*z + 2. Let l be q(v). Suppose -i - i = -l. What is the tens digit of i?
1
Let u(v) = -56*v - 11. Let y(w) = 112*w + 22. Let c(m) = 7*u(m) + 4*y(m). What is the units digit of c(4)?
5
Let o(q) = 10*q - 1. Let n be o(-4). Let l = n - -41. Suppose l*c - k + 101 = 5*c, -2*c + 3*k + 37 = 0. What is the units digit of c?
0
Let l = -21 + 14. Let d = -1 - l. Suppose 3*r + c - 7 = 0, -r - c = -d*c + 3. What is the units digit of r?
2
Let w be (1 + -2)/(6/(-12)). Suppose 12*h - w*h = 1850. What is the units digit of h?
5
Suppose -70*l = -69*l + 5*j - 1930, -j = 3*l - 5734. What is the units digit of l?
0
Suppose -8*f + 12 = -4*f. Suppose -f*i + 120 = -90. What is the units digit of i?
0
Let y(x) be the third derivative of 1/24*x**4 + 5/6*x**3 - 2*x**2 + 0 + 0*x. What is the tens digit of y(7)?
1
Let f(l) = -3 + 1 + 2*l + 0 + l**3 + 5*l - 8*l**2. Let j be f(7). Let z(a) = -9*a - 1. What is the tens digit of z(j)?
1
Let k = 143 - 78. Suppose -s - k = -2*s. What is the tens digit of s?
6
Suppose 5*x + 4*p = 6188, 46 = 2*x + 3*p - 2425. What is the units digit of x?
0
Let u be (14/7)/